greatest common divisor of 20 and q?
20
Suppose p - 2*r = -14, 10*r = -p + 13*r - 13. Let j be ((-3)/(-4))/((-6)/p). Let b be ((-2 + 0)*1)/((-2)/j). What is the greatest common divisor of b and 24?
2
Let s(v) = -2*v**2 + 135*v + 546. Let w be s(71). Calculate the highest common divisor of w and 42385.
49
Suppose -4*j + 125 = -9*j - 4*a, -a = 4*j + 111. Let u be (-320)/6*(-32 - j). What is the highest common factor of u and 64?
32
Suppose 10*b - 75663 = 2547. Calculate the highest common divisor of 99 and b.
99
Let i(m) = -531*m + 5786. Let w be i(5). Calculate the highest common factor of 31 and w.
31
Suppose -39*g - 5*g + 970 = 53*g. Calculate the greatest common factor of g and 16070.
10
Let f be (21/(-49) - -1) + (-3)/(-7) + 3559. Calculate the greatest common divisor of 30 and f.
10
Let a be 2*-25*(-63)/35. Suppose 830 = 37*n + a. Calculate the greatest common factor of 1180 and n.
20
Suppose -5*r + 7*s + 8221 = 6*s, -r - s + 1637 = 0. What is the highest common divisor of r and 159?
53
Suppose 5*v + 5*a = -45, 7*v - 2*a = 6*v + 6. Let l be 1/(-4) + 27/v*1. Let r be l*(-40)/(-35)*3/(-2). What is the greatest common factor of 84 and r?
12
Let s be (-2401)/(-70) + 10/(200/(-6)). Calculate the greatest common factor of 1139 and s.
17
Let z be (8 - 2) + (-2 + -24)*3104/(-32). What is the highest common factor of 256 and z?
32
Suppose 3*i - 73 + 19 = 0. Let n(j) = 9*j**3 + j**2 + 6*j + 3. Let t be n(-2). Let s = t + 79. What is the highest common divisor of s and i?
2
Let u = 844 - 598. Let n = -238 + u. Calculate the greatest common divisor of 184 and n.
8
Let m = -259 + 374. Suppose -m = -2*b - 25. What is the highest common factor of b and 45?
45
Suppose 62 = 5*t + 2*f, 0*t = 2*t - 2*f - 22. Let u be ((-33)/(-1))/(18/t). Let s = u - -5. Calculate the greatest common factor of s and 18.
9
Let q(s) = -27*s**2 - 619*s - 5. Let j be q(-19). What is the highest common factor of j and 164?
41
Suppose g - 5*r - 47 = 5, g - 101 = -2*r. Let o be (9/(-6))/((-6)/272). Let w = o - 39. Calculate the greatest common divisor of w and g.
29
Suppose -4*x + 320 = 5*c, -4*c = -3*c - 5*x - 93. Suppose 3*b - 4*j = 522, -b + 167 = j - 0*j. Calculate the greatest common divisor of b and c.
34
Let y be ((-8)/(-20))/((-110)/(-1566400)). What is the highest common divisor of 96 and y?
32
Let n be (-3550)/(-30) + 2/(-6). Suppose -92 = -2*i - 2*h, 2*h + n = -2*i + 5*i. What is the greatest common divisor of i and 147?
21
Suppose -447*w - 11492 = -473*w. What is the greatest common factor of 104 and w?
26
Let d be (-1*(-30)/(-35))/(3/(-21)). Let s be (-3)/(153/d) + (-223)/(-17). Suppose x - 9 = o, x + 5*o - 2*o = s. What is the greatest common factor of 80 and x?
10
Let w be 19 - ((-5 - (-9)/3) + -1). Suppose 784 = -15*f + w*f. Calculate the highest common divisor of f and 56.
56
Let o = 37 + 23. Let j(t) = -3*t - 1. Let r(f) = -1. Let i(b) = j(b) - 4*r(b). Let l be i(-7). What is the highest common divisor of l and o?
12
Let w = -422 - -840. Let m be (-3 - 5)*2/((-32)/76). Calculate the highest common factor of w and m.
38
Suppose -57*m + 56*m + 5 = 0. Suppose m*v + 42 = 47. Calculate the greatest common factor of 4 and v.
1
Suppose 77*i + 33112 - 104260 = 0. Calculate the highest common divisor of i and 48.
12
Let m(v) = v**3 - 12*v**2 - 13*v. Suppose 3*x + 52 = 7*x. Let l be m(x). Suppose -192 = -6*i - l*i. What is the greatest common factor of 80 and i?
16
Let u = -12 + 29. Let h(m) be the first derivative of m**3/3 + 23*m**2/2 + 181*m + 141. Let b be h(-13). Calculate the greatest common divisor of u and b.
17
Let j = -22 + 96. Suppose j = -2*x + 148. Suppose -3*l - 73 = -4*c, -c + 3*l - 6*l + x = 0. Calculate the greatest common factor of c and 2.
2
Suppose -132267 + 7222 - 43597 = -81*n. Calculate the highest common factor of 6 and n.
6
Suppose -15*u + 3642 = 2170 - 5128. Calculate the greatest common factor of 6930 and u.
110
Let c(s) = 3*s + 35 - 4*s + s + 3*s. Let z be c(-8). Let r = -9 + z. Calculate the greatest common divisor of 10 and r.
2
Let q = 81 - 3. Let n(i) = 63*i + 2. Let w be n(1). What is the greatest common divisor of w and q?
13
Let h be (-18)/4*(-32)/(-24). Let i be (-1112)/24 + (-2)/h. Let g = -20 - i. What is the greatest common factor of g and 208?
26
Suppose -4*i = -31*h + 33*h - 572, 5*i = 3*h + 726. What is the greatest common factor of 1488 and i?
48
Let z(c) = 10*c + 22. Let h be z(13). Let q = -220 + 148. Let p = h + q. Calculate the highest common factor of p and 16.
16
Suppose 0*x = 3*z + 3*x + 3, z + 6 = -2*x. Suppose -z*a = 7 - 35. Suppose 3*y - 2 + 14 = 2*u, u = y + a. What is the highest common divisor of 81 and u?
9
Suppose 204*j + 64 = 203*j. Let g = j + 283. Calculate the greatest common divisor of g and 73.
73
Suppose h = 59*i - 56*i - 1189, 0 = -2*h - 2. What is the highest common divisor of 1276 and i?
44
Let q(v) = -v - 5. Let p be q(-10). Suppose -p*l + 0 = -660. Let z = l - 68. Calculate the greatest common divisor of z and 8.
8
Let p = 3632 + -3479. What is the greatest common divisor of 646 and p?
17
Let p(j) = -151*j + 5420. Let a be p(27). What is the highest common divisor of a and 1?
1
Suppose 5*d - 16 - 179 = 0. Suppose 274 = 4*y - 2*i, -i = -5*y + 359 - 18. Let q = y + 244. What is the highest common factor of q and d?
39
Let x = 1615 + 914. Calculate the greatest common divisor of x and 9.
9
Let t = -3880 - -4662. Calculate the greatest common factor of 272 and t.
34
Suppose -28 = 4*z, 44*q - 41*q - 3698 = -4*z. Calculate the greatest common divisor of 432 and q.
54
Let c(b) = -b**3 - 43*b**2 + 47*b + 144. Let k be c(-44). Calculate the highest common factor of 6252 and k.
12
Let a(d) = d**3 + 13*d**2 - 65*d - 914. Let m be a(-12). Let h(y) = 349*y**2 + 1. Let j be h(1). What is the highest common factor of m and j?
10
Let w = 557 + -371. Suppose 5*q + 4*h = 2206, -3*h = 49*q + 345 - 21638. Calculate the highest common factor of q and w.
62
Suppose 3*f - 689 = -113. Let p be ((3/4)/(-3))/((-16)/f). Suppose 178 - p = 5*j. Calculate the greatest common divisor of 7 and j.
7
Suppose -5*u + 740 = 2*s - 171, 0 = -s - 2*u + 454. Suppose -3*a - 140 = -8*a. Calculate the highest common divisor of a and s.
28
Let s = 1454 - -1462. Suppose -s = -15*t + 9*t. What is the highest common factor of t and 18?
18
Suppose v - 146*s = -147*s + 1395, s = -4*v + 5607. Suppose 0 = 2*c - 2*r - 74, c - 4*r = 15 + 16. Calculate the greatest common factor of c and v.
39
Suppose 0 = 4*b - 559 + 363. Suppose b*t + 62 = 51*t. What is the greatest common factor of t and 1?
1
Let k = -12042 - -12070. Calculate the greatest common divisor of 4151 and k.
7
Suppose -x + 3*x - 20 = 0. Let s be -2 + (-12)/(-4) + 1. Suppose -68 = -3*f - 2*c, 3*f + 2*f - 108 = -s*c. Calculate the greatest common divisor of f and x.
10
Let m be 18/(-33) + 38370/495*3. Calculate the highest common factor of m and 2436.
116
Suppose -15*u + 8320 = 50*u. Calculate the highest common divisor of u and 528.
16
Suppose -111800 = 184*u - 402704. What is the greatest common factor of u and 561?
51
Suppose -51*w - 24 = -57*w. Suppose -2*y = -y, -w*y = -3*g + 147. Calculate the greatest common factor of 1 and g.
1
Let k = -182 - -185. Suppose k*s = 181 - 37. Suppose 5*y = -2*r + 3*y + 94, 5*r = y + 241. What is the highest common divisor of s and r?
48
Suppose 161*i = 171*i - 22680. Calculate the greatest common factor of i and 168.
84
Let w(x) = 24*x**2 - 8*x + 23. Suppose 17*d = 12*d + 25. Let c be w(d). What is the highest common divisor of c and 106?
53
Suppose -42*n - 20*n + 117*n - 9405 = 0. What is the highest common divisor of n and 27?
9
Let x(v) = 283*v**2 + 40*v - 47. Let h be x(-5). Calculate the highest common divisor of 84 and h.
12
Let u = -10420 + 10433. What is the highest common divisor of 221 and u?
13
Suppose -26*o - 848 = -28*o. Suppose -o + 4 = -12*l. Calculate the highest common divisor of l and 35.
35
Let a(s) = 6 + 30*s - 7 + 3 + 5. Let b be a(8). Let z = b - -41. What is the highest common divisor of 32 and z?
32
Let h(n) = 24*n**3 - n**2 + 6*n - 6. Let y be h(1). Suppose -2*j - 2*j + 428 = 0. Suppose -y = o - j. Calculate the highest common divisor of o and 28.
28
Suppose 0 = -q - 3*q + 2016. Suppose -24*c - 62*c = -31*c - 1320. Calculate the hig